**2 + 4*n + 6. Let v be g(7). List the prime factors of (-2)/3 + (-1795)/v.
7, 17
Let f = -250 + 178. Let r be f/27*6/(-4). Suppose -r*w = -2*h + 250, h + 5*w - 61 = 99. List the prime factors of h.
3, 5
Suppose -6700 = -3*d - 2*t, 12*t - 11*t + 11171 = 5*d. List the prime factors of d.
2, 1117
Suppose 3*g - 3*q - 2649 = 0, -g = -6*q + q - 875. Let b = -483 + g. Suppose -27*x - b = -30*x. List the prime factors of x.
2, 67
Let v = 21226 - 14981. List the prime factors of v.
5, 1249
Suppose -3*t = 5*o - 1075, -o + 2*t = -t - 233. Let z be (-4 - o)*-1*-1. Let g = -151 - z. List the prime factors of g.
71
Suppose -2*p - 28 + 86 = 0. Let v = -27 + p. Suppose -3*r - v*m = -166, m + 27 + 30 = r. What are the prime factors of r?
2, 7
Suppose -2*p + 2 = -3*j, 0 = 3*p - 0*p + j - 14. Suppose -1006 = -5*k + 1424. Suppose i - p*m = 4*i - k, i + 5*m - 162 = 0. What are the prime factors of i?
2, 3
Let c(d) = 2*d**2 - 15*d - 18. Let h(g) = -g**2 + 7*g + 9. Let j(q) = -6*c(q) - 13*h(q). Let f be j(4). Suppose -86 = -f*k - 23. List the prime factors of k.
3, 7
Suppose -5*v + 87 = 62. Suppose 395 = d - x, -5*d - 87 = v*x - 2012. List the prime factors of d.
2, 3, 5, 13
Suppose 0 = -5*t - 2*u + 439767, -2*t - 2*u + 175946 = -11*u. What are the prime factors of t?
5, 7, 359
List the prime factors of (7 + 29317)/(((-12)/20)/((-9)/30)).
2, 7331
Let d = 6383 + -3465. List the prime factors of d.
2, 1459
Let f be (-715)/275 - (-6)/10. List the prime factors of (f - 7/(-4)) + 108255/140.
773
Let p(m) = -492*m - 515. What are the prime factors of p(-12)?
17, 317
Let p = -6718 - -13589. List the prime factors of p.
6871
Suppose 899 = -u - 0*u - 3*g, 2727 = -3*u + g. What are the prime factors of (u/(-16) + -8)*4?
3, 5, 13
Let f(b) be the third derivative of 0 - 1/3*b**5 + 0*b - 1/120*b**6 - 9/8*b**4 - 20*b**2 + 9/2*b**3. List the prime factors of f(-19).
179
Let c(n) = 158*n**2 + 155*n - 749. List the prime factors of c(5).
2, 7, 71
Suppose 22*m - 10967 = -1463. What are the prime factors of m?
2, 3
Let l be -5 - ((-6)/(-2) + -11). Suppose -2*o = -l*j - 127, -o - 2*j + 34 = -12. List the prime factors of o.
2, 7
Let f = -2473 + 4253. What are the prime factors of f?
2, 5, 89
Let i(y) = -2*y**2 - 45*y - 32. Let s be i(-20). What are the prime factors of 2 + -1 - 0 - (-266 - s)?
5, 67
Let p(c) = -2*c**3 + 108*c**2 + 31*c - 109. List the prime factors of p(51).
2, 8539
List the prime factors of (9363/39)/(9/684) - (-18)/117.
2, 3, 3041
Suppose -2*r - 7232 = -2*x + 69092, 76322 = 2*x - r. List the prime factors of x.
2, 3, 5, 53
Suppose 26*s - 58 = 28*s. Suppose 0 = 2*t - b - 0 - 72, 3*t + 5*b = 95. Let v = s + t. What are the prime factors of v?
2, 3
Suppose 18*p - 19*p = -24*p + 158033. What are the prime factors of p?
6871
Suppose -5*m - 202 = -z - 1097, -m + 160 = -4*z. What are the prime factors of (m - 4 - 3) + 5?
2, 89
Let a = -32855 + 82946. List the prime factors of a.
3, 59, 283
Suppose -24*b = -26*b + 14. Suppose -2*k + 935 = -5*o, -5*k = b*o - 3*o - 2288. List the prime factors of k.
2, 5, 23
Let f(a) = -a**2 - 25*a - 54. Let v be f(-15). Suppose -l = 2*l - 87. Suppose 4*h = -y + v + l, -y = -4*h - 149. What are the prime factors of y?
137
Let x(w) be the first derivative of w**3 - 13*w**2/2 - 19*w + 167. What are the prime factors of x(-10)?
3, 137
Let b = -30 + 29. Let g be (b + (2/(-4) - 1))*-64. Suppose 0 = -17*a + 19*a - g. List the prime factors of a.
2, 5
Suppose -o - d = -38019, 37995 = 23*o - 22*o + 4*d. What are the prime factors of o?
11, 3457
Let g = 336 - 346. Let p(b) = 15*b**2 + 50*b + 12. What are the prime factors of p(g)?
2, 11, 23
Suppose c + 5*q - 1750 = 9960, 4*c - 5*q - 46715 = 0. What are the prime factors of c?
3, 5, 19, 41
Suppose -4*j - 4*f + 75180 = 0, 0 = 4*j + 10*f - 15*f - 75216. List the prime factors of j.
11, 1709
Suppose -60*y - 18992 = -52*y. Let n = y + 3562. List the prime factors of n.
2, 3, 11
List the prime factors of (-39*(-93)/(-3))/(273/(-1001)).
11, 13, 31
Let d(t) = -215*t**3 + 2*t**2 + 16*t + 22. What are the prime factors of d(-2)?
2, 859
Let h(o) = -9090*o + 11173. List the prime factors of h(-9).
11, 79, 107
Let y(c) = -111*c - 30. Let x be y(-11). Suppose x + 1059 = 2*z. Suppose -36*n = -45*n + z. List the prime factors of n.
5
List the prime factors of 505/55 + -9 - 202134/(-11).
2, 2297
Suppose 2*i - j = 66634, i - 33310 = -74*j + 71*j. What are the prime factors of i?
2, 8329
Suppose 601895 + 401694 = 36*v + 137249. What are the prime factors of v?
5, 4813
Let v = -615 - -1639. Suppose 2*h = -2*m + 1036, -m + h + v = m. What are the prime factors of m?
2, 257
Suppose -4 = -2*n + 4, 18098 = 2*m - 5*n. What are the prime factors of m/5 + 8/40?
2, 3, 151
List the prime factors of 518552/16 - ((12 - 6) + 15/(-2)).
32411
Suppose 22*a - 256 = 6*a. Let v(k) be the second derivative of k**4/12 - 3*k**3 + 37*k**2/2 - 2*k. List the prime factors of v(a).
5
Let u(i) be the second derivative of 9*i**3/2 + 7*i**2/2 + 3*i. Let f = 113 - 110. What are the prime factors of u(f)?
2, 11
Suppose -4*t + 2*o + 748 = 2028, 4*t = -o - 1268. Let a = 552 + t. List the prime factors of a.
2, 3, 13
What are the prime factors of 2/(-15) + (-205924)/5*16/(-96)?
2, 3, 11, 13
List the prime factors of (11533 - -2)/3 - -2.
3847
Suppose -31399 = -7*m + 33865 + 15684. List the prime factors of m.
2, 7, 59
Suppose 27997 = 10*m - 4693. What are the prime factors of m?
7, 467
Let b = -57 + 61. Let j(d) = -2*d**2 + 2*d - 43. Let p(q) = 4*q**2 - 3*q + 87. Let u(i) = b*p(i) + 7*j(i). What are the prime factors of u(0)?
47
Suppose 0 = -958*q + 982*q - 489840. What are the prime factors of q?
2, 5, 13, 157
Let z = 264 + -260. Suppose 5*k - 4512 = -z*p, 1539 + 255 = 2*k - 2*p. List the prime factors of k.
2, 3, 5
Let w be (-477 + -1)*(-13)/26. Let m = 421 - w. Let c = -98 + m. List the prime factors of c.
2, 3, 7
Let l = -177 - -175. What are the prime factors of 274 - (0 + -3 + l)?
3, 31
Let w = -5465 + 16815. List the prime factors of w.
2, 5, 227
Let m(n) = -n**3 + 7*n**2 + 2*n - 10. Let k be m(7). Suppose k*h + h - 1055 = 0. Suppose 109 + h = 4*q. What are the prime factors of q?
2, 5
Let o be ((-4)/6)/((-35)/(-743715)). What are the prime factors of o/12*(-8)/12?
787
List the prime factors of (100255/(-7))/((-32)/64) - (-2)/(-7).
2, 3, 7, 11, 31
Suppose 2*h + 188 - 184 = 0. What are the prime factors of h*-15*1/6?
5
Let l(t) = 9*t**2 + 571*t + 33. Let y(j) = 2*j**2 + 114*j + 7. Let h(i) = -2*l(i) + 11*y(i). What are the prime factors of h(-29)?
127
Let x(o) = -31*o + 4. Let s be x(0). Suppose 3374 - 1015 = 3*y + s*i, -y + 783 = 3*i. List the prime factors of y.
3, 263
Suppose 104*o - 27*o - 74767 = 0. What are the prime factors of o?
971
Let c = 4 - 4. Suppose -7*g + 19 - 5 = c. Suppose p - 26 = -2*a, g*a - 2*p = -p + 26. What are the prime factors of a?
13
Let i = 5 - 11. Let r(o) = 7*o + 148. What are the prime factors of r(i)?
2, 53
Suppose -401*n = -407*n. What are the prime factors of (n + (2 - 0))*(-4123)/(-38)?
7, 31
Let v = 2203 + -321. Suppose 0 = 5*l - 953 - v. List the prime factors of l.
3, 7
Suppose 5*j = -3*y - 4934 + 16111, -2*y + 7473 = -j. List the prime factors of y.
2, 1867
Let k(c) = 2*c**3 + 8*c**2 - 17*c - 9. Let j be 14*((-10)/4 + 2). Let d be k(j). Let b = d - -264. What are the prime factors of b?
2, 5
Let q = 5107 - 4318. List the prime factors of q.
3, 263
Suppose -5*s = 4*r - 8*r + 12672, 2*s = -3*r + 9504. Suppose 3*z + r = 19*z. What are the prime factors of z?
2, 3, 11
List the prime factors of ((-342774)/27 + 0)/((-1)/12*4).
2, 137, 139
Let q(i) = -2*i**2 - 37*i - 23. Let r be q(-11). Suppose 42 = -136*y + r*y. What are the prime factors of y?
7
Let p(d) = -d**3 + 50*d**2 - 76*d + 121. Let r = 781 - 733. List the prime factors of p(r).
23, 47
Let o = -17 + 7. Let s = 16 + o. List the prime factors of ((-22)/4 + 1)*(-148)/s.
3, 37
Let w be (-246)/(-4)*(-4)/(-6). Let g(d) = 50*d + w + 3*d - 4*d. List the prime factors of g(3).
2, 47
Suppose 156*t - 154053 = 291951. What are the prime factors of t?
3, 953
Let h(t) = 303*t + 8. Let g(a) = 299*a + 9. Let x(b) = 4*g(b) - 3*h(b). List the prime factors of x(3).
3, 97
Let v = -15176 - -24659. What are the prime factors of v?
3, 29, 109
Suppose 0 = -0*w + 12*w + 12443